{"id":2273,"date":"2024-11-05T10:28:57","date_gmt":"2024-11-05T09:28:57","guid":{"rendered":"https:\/\/koninginbaktaart.nl\/?page_id=2273"},"modified":"2024-11-05T10:28:57","modified_gmt":"2024-11-05T09:28:57","slug":"sweet-table-zeemeermin","status":"publish","type":"page","link":"https:\/\/koninginbaktaart.nl\/index.php\/sweet-table-zeemeermin\/","title":{"rendered":"Sweet table &#8211; zeemeermin"},"content":{"rendered":"\n<p>Taart in thema Zeemeermin. Red velvet cake met vulling van vanillebotercr\u00e8me, afgewerkt met vanillebotercr\u00e8me en fondant.&nbsp;<\/p>\n\n\n\n<p>Cupcakes in thema Zeemeermin, vanillecake met vanillebotercr\u00e8me en fondantwerk (en plastic items van de klant). Cupcakes passend bij het geboortekaartje, vanillecake met dubbele strik van fondant.<\/p>\n\n\n\n<figure class=\"wp-block-image size-large\"><img loading=\"lazy\" decoding=\"async\" width=\"886\" height=\"1024\" src=\"https:\/\/koninginbaktaart.nl\/wp-content\/uploads\/2024\/11\/sweettable-zeemeermin1-886x1024.jpg\" alt=\"\" class=\"wp-image-2276\" srcset=\"https:\/\/koninginbaktaart.nl\/wp-content\/uploads\/2024\/11\/sweettable-zeemeermin1-886x1024.jpg 886w, https:\/\/koninginbaktaart.nl\/wp-content\/uploads\/2024\/11\/sweettable-zeemeermin1-260x300.jpg 260w, https:\/\/koninginbaktaart.nl\/wp-content\/uploads\/2024\/11\/sweettable-zeemeermin1-768x888.jpg 768w, https:\/\/koninginbaktaart.nl\/wp-content\/uploads\/2024\/11\/sweettable-zeemeermin1-1329x1536.jpg 1329w, https:\/\/koninginbaktaart.nl\/wp-content\/uploads\/2024\/11\/sweettable-zeemeermin1.jpg 1384w\" sizes=\"auto, (max-width: 886px) 100vw, 886px\" \/><\/figure>\n\n\n\n<figure class=\"wp-block-gallery has-nested-images columns-default is-cropped wp-block-gallery-1 is-layout-flex wp-block-gallery-is-layout-flex\">\n<figure class=\"wp-block-image size-large\"><img loading=\"lazy\" decoding=\"async\" width=\"768\" height=\"1024\" data-id=\"2274\" src=\"https:\/\/koninginbaktaart.nl\/wp-content\/uploads\/2024\/11\/sweettable-zeemeermin3-768x1024.jpg\" alt=\"\" class=\"wp-image-2274\" srcset=\"https:\/\/koninginbaktaart.nl\/wp-content\/uploads\/2024\/11\/sweettable-zeemeermin3-768x1024.jpg 768w, https:\/\/koninginbaktaart.nl\/wp-content\/uploads\/2024\/11\/sweettable-zeemeermin3-225x300.jpg 225w, https:\/\/koninginbaktaart.nl\/wp-content\/uploads\/2024\/11\/sweettable-zeemeermin3-1152x1536.jpg 1152w, https:\/\/koninginbaktaart.nl\/wp-content\/uploads\/2024\/11\/sweettable-zeemeermin3.jpg 1200w\" sizes=\"auto, (max-width: 768px) 100vw, 768px\" \/><\/figure>\n\n\n\n<figure class=\"wp-block-image size-large\"><img loading=\"lazy\" decoding=\"async\" width=\"768\" height=\"1024\" data-id=\"2277\" src=\"https:\/\/koninginbaktaart.nl\/wp-content\/uploads\/2024\/11\/sweettable-zeemeermin2-768x1024.jpg\" alt=\"\" class=\"wp-image-2277\" srcset=\"https:\/\/koninginbaktaart.nl\/wp-content\/uploads\/2024\/11\/sweettable-zeemeermin2-768x1024.jpg 768w, https:\/\/koninginbaktaart.nl\/wp-content\/uploads\/2024\/11\/sweettable-zeemeermin2-225x300.jpg 225w, https:\/\/koninginbaktaart.nl\/wp-content\/uploads\/2024\/11\/sweettable-zeemeermin2-1152x1536.jpg 1152w, https:\/\/koninginbaktaart.nl\/wp-content\/uploads\/2024\/11\/sweettable-zeemeermin2.jpg 1200w\" sizes=\"auto, (max-width: 768px) 100vw, 768px\" \/><\/figure>\n\n\n\n<figure class=\"wp-block-image size-large\"><img loading=\"lazy\" decoding=\"async\" width=\"768\" height=\"1024\" data-id=\"2275\" src=\"https:\/\/koninginbaktaart.nl\/wp-content\/uploads\/2024\/11\/sweettable-zeemeermin4-768x1024.jpg\" alt=\"\" class=\"wp-image-2275\" srcset=\"https:\/\/koninginbaktaart.nl\/wp-content\/uploads\/2024\/11\/sweettable-zeemeermin4-768x1024.jpg 768w, https:\/\/koninginbaktaart.nl\/wp-content\/uploads\/2024\/11\/sweettable-zeemeermin4-225x300.jpg 225w, https:\/\/koninginbaktaart.nl\/wp-content\/uploads\/2024\/11\/sweettable-zeemeermin4-1152x1536.jpg 1152w, https:\/\/koninginbaktaart.nl\/wp-content\/uploads\/2024\/11\/sweettable-zeemeermin4.jpg 1200w\" sizes=\"auto, (max-width: 768px) 100vw, 768px\" \/><\/figure>\n<\/figure>\n","protected":false},"excerpt":{"rendered":"<p>Taart in thema Zeemeermin. Red velvet cake met vulling van vanillebotercr\u00e8me, afgewerkt met vanillebotercr\u00e8me en fondant.&nbsp; Cupcakes in thema Zeemeermin, vanillecake met vanillebotercr\u00e8me en fondantwerk (en plastic items van de klant). Cupcakes passend bij het geboortekaartje, vanillecake met dubbele strik van fondant.<\/p>\n","protected":false},"author":1,"featured_media":0,"parent":0,"menu_order":0,"comment_status":"closed","ping_status":"closed","template":"","meta":{"_acf_changed":false,"footnotes":""},"class_list":["post-2273","page","type-page","status-publish","hentry"],"acf":[],"_links":{"self":[{"href":"https:\/\/koninginbaktaart.nl\/index.php\/wp-json\/wp\/v2\/pages\/2273","targetHints":{"allow":["GET"]}}],"collection":[{"href":"https:\/\/koninginbaktaart.nl\/index.php\/wp-json\/wp\/v2\/pages"}],"about":[{"href":"https:\/\/koninginbaktaart.nl\/index.php\/wp-json\/wp\/v2\/types\/page"}],"author":[{"embeddable":true,"href":"https:\/\/koninginbaktaart.nl\/index.php\/wp-json\/wp\/v2\/users\/1"}],"replies":[{"embeddable":true,"href":"https:\/\/koninginbaktaart.nl\/index.php\/wp-json\/wp\/v2\/comments?post=2273"}],"version-history":[{"count":1,"href":"https:\/\/koninginbaktaart.nl\/index.php\/wp-json\/wp\/v2\/pages\/2273\/revisions"}],"predecessor-version":[{"id":2278,"href":"https:\/\/koninginbaktaart.nl\/index.php\/wp-json\/wp\/v2\/pages\/2273\/revisions\/2278"}],"wp:attachment":[{"href":"https:\/\/koninginbaktaart.nl\/index.php\/wp-json\/wp\/v2\/media?parent=2273"}],"curies":[{"name":"wp","href":"https:\/\/api.w.org\/{rel}","templated":true}]}}